{"id":296,"date":"2025-01-29T07:33:09","date_gmt":"2025-01-29T06:33:09","guid":{"rendered":"https:\/\/www.lapero.shop\/?post_type=product&#038;p=296"},"modified":"2025-01-29T07:42:04","modified_gmt":"2025-01-29T06:42:04","slug":"virgin-chardonnay-bio-petit-beret","status":"publish","type":"product","link":"https:\/\/www.lapero.shop\/index.php\/produit\/virgin-chardonnay-bio-petit-beret\/","title":{"rendered":"Virgin Chardonnay bio Petit B\u00e9ret"},"content":{"rendered":"<p>Vous recherchez comment accompagner vos repas d&rsquo;une boisson \u00ab\u00a0adulte\u00a0\u00bb sans alcool?<\/p>\n<p>Ne cherchez plus, ce Profil Chardonnay \u00e0 0.0% d&rsquo;alcool est ce qu&rsquo;il vous faut! Et en plus, il est bio!<\/p>\n<p>En bouche, des notes fra\u00eeches d\u2019agrumes et ses saveurs gourmandes fruit\u00e9es, de mangue, pommes et poires. Il sera id\u00e9al en accompagnement de vos poissons et volailles.<\/p>\n<p>D\u00e9velopp\u00e9 dans le Sud de la France par le Meilleur Sommelier de France Dominique Laporte.<\/p>\n<p>Temp\u00e9rature de service entre 7\u00b0C et 9\u00b0C.<br \/>\nApr\u00e8s ouverture \u00e0 consommer dans les 48h et \u00e0 conserver au frais.<br \/>\nBouteille de 74cl, alcool 0,0%, 6,8% de sucres, 27 Kcal \/ 100 ml.<\/p>\n","protected":false},"excerpt":{"rendered":"<p>Virgin Chardonnay bio Petit B\u00e9ret, 74 cl<\/p>\n","protected":false},"featured_media":297,"comment_status":"open","ping_status":"closed","template":"","meta":[],"product_brand":[],"product_cat":[32],"product_tag":[],"class_list":{"0":"post-296","1":"product","2":"type-product","3":"status-publish","4":"has-post-thumbnail","6":"product_cat-vins-et-profils-vins","8":"first","9":"instock","10":"shipping-taxable","11":"purchasable","12":"product-type-simple"},"yoast_head":"<!-- This site is optimized with the Yoast SEO plugin v27.4 - https:\/\/yoast.com\/product\/yoast-seo-wordpress\/ -->\n<title>Virgin Chardonnay bio Petit B\u00e9ret - L&#039;ap\u00e9ro<\/title>\n<meta name=\"description\" content=\"Pour boire sans alcool mais avec plaisir! Virgin Chardonnay accompagne vos poissons. et volailles. Livraisons gratuites \u00e0 Toulouse.\" \/>\n<meta name=\"robots\" content=\"index, follow, max-snippet:-1, max-image-preview:large, max-video-preview:-1\" \/>\n<link rel=\"canonical\" href=\"https:\/\/www.lapero.shop\/index.php\/produit\/virgin-chardonnay-bio-petit-beret\/\" \/>\n<meta property=\"og:locale\" content=\"fr_FR\" \/>\n<meta property=\"og:type\" content=\"article\" \/>\n<meta property=\"og:title\" content=\"Virgin Chardonnay bio Petit B\u00e9ret - L&#039;ap\u00e9ro\" \/>\n<meta property=\"og:description\" content=\"Pour boire sans alcool mais avec plaisir! Virgin Chardonnay accompagne vos poissons. et volailles. Livraisons gratuites \u00e0 Toulouse.\" \/>\n<meta property=\"og:url\" content=\"https:\/\/www.lapero.shop\/index.php\/produit\/virgin-chardonnay-bio-petit-beret\/\" \/>\n<meta property=\"og:site_name\" content=\"L&#039;ap\u00e9ro\" \/>\n<meta property=\"article:modified_time\" content=\"2025-01-29T06:42:04+00:00\" \/>\n<meta property=\"og:image\" content=\"https:\/\/www.lapero.shop\/wp-content\/uploads\/2025\/01\/virgin-chardonnay-sans-alcool.png\" \/>\n\t<meta property=\"og:image:width\" content=\"800\" \/>\n\t<meta property=\"og:image:height\" content=\"800\" \/>\n\t<meta property=\"og:image:type\" content=\"image\/png\" \/>\n<meta name=\"twitter:card\" content=\"summary_large_image\" \/>\n<meta name=\"twitter:label1\" content=\"Dur\u00e9e de lecture estim\u00e9e\" \/>\n\t<meta name=\"twitter:data1\" content=\"1 minute\" \/>\n<script type=\"application\/ld+json\" class=\"yoast-schema-graph\">{\"@context\":\"https:\\\/\\\/schema.org\",\"@graph\":[{\"@type\":\"WebPage\",\"@id\":\"https:\\\/\\\/www.lapero.shop\\\/index.php\\\/produit\\\/virgin-chardonnay-bio-petit-beret\\\/\",\"url\":\"https:\\\/\\\/www.lapero.shop\\\/index.php\\\/produit\\\/virgin-chardonnay-bio-petit-beret\\\/\",\"name\":\"Virgin Chardonnay bio Petit B\u00e9ret - L&#039;ap\u00e9ro\",\"isPartOf\":{\"@id\":\"https:\\\/\\\/www.lapero.shop\\\/#website\"},\"primaryImageOfPage\":{\"@id\":\"https:\\\/\\\/www.lapero.shop\\\/index.php\\\/produit\\\/virgin-chardonnay-bio-petit-beret\\\/#primaryimage\"},\"image\":{\"@id\":\"https:\\\/\\\/www.lapero.shop\\\/index.php\\\/produit\\\/virgin-chardonnay-bio-petit-beret\\\/#primaryimage\"},\"thumbnailUrl\":\"https:\\\/\\\/www.lapero.shop\\\/wp-content\\\/uploads\\\/2025\\\/01\\\/virgin-chardonnay-sans-alcool.png\",\"datePublished\":\"2025-01-29T06:33:09+00:00\",\"dateModified\":\"2025-01-29T06:42:04+00:00\",\"description\":\"Pour boire sans alcool mais avec plaisir! Virgin Chardonnay accompagne vos poissons. et volailles. Livraisons gratuites \u00e0 Toulouse.\",\"breadcrumb\":{\"@id\":\"https:\\\/\\\/www.lapero.shop\\\/index.php\\\/produit\\\/virgin-chardonnay-bio-petit-beret\\\/#breadcrumb\"},\"inLanguage\":\"fr-FR\",\"potentialAction\":[{\"@type\":\"ReadAction\",\"target\":[\"https:\\\/\\\/www.lapero.shop\\\/index.php\\\/produit\\\/virgin-chardonnay-bio-petit-beret\\\/\"]}]},{\"@type\":\"ImageObject\",\"inLanguage\":\"fr-FR\",\"@id\":\"https:\\\/\\\/www.lapero.shop\\\/index.php\\\/produit\\\/virgin-chardonnay-bio-petit-beret\\\/#primaryimage\",\"url\":\"https:\\\/\\\/www.lapero.shop\\\/wp-content\\\/uploads\\\/2025\\\/01\\\/virgin-chardonnay-sans-alcool.png\",\"contentUrl\":\"https:\\\/\\\/www.lapero.shop\\\/wp-content\\\/uploads\\\/2025\\\/01\\\/virgin-chardonnay-sans-alcool.png\",\"width\":800,\"height\":800,\"caption\":\"Virgin Chardonnay sans alcool Petit B\u00e9r\u00eat\"},{\"@type\":\"BreadcrumbList\",\"@id\":\"https:\\\/\\\/www.lapero.shop\\\/index.php\\\/produit\\\/virgin-chardonnay-bio-petit-beret\\\/#breadcrumb\",\"itemListElement\":[{\"@type\":\"ListItem\",\"position\":1,\"name\":\"Accueil\",\"item\":\"https:\\\/\\\/www.lapero.shop\\\/\"},{\"@type\":\"ListItem\",\"position\":2,\"name\":\"Boutique\",\"item\":\"https:\\\/\\\/www.lapero.shop\\\/index.php\\\/boutique\\\/\"},{\"@type\":\"ListItem\",\"position\":3,\"name\":\"Virgin Chardonnay bio Petit B\u00e9ret\"}]},{\"@type\":\"WebSite\",\"@id\":\"https:\\\/\\\/www.lapero.shop\\\/#website\",\"url\":\"https:\\\/\\\/www.lapero.shop\\\/\",\"name\":\"L&#039;ap\u00e9ro\",\"description\":\"Boissons festives sans alcool\",\"publisher\":{\"@id\":\"https:\\\/\\\/www.lapero.shop\\\/#organization\"},\"potentialAction\":[{\"@type\":\"SearchAction\",\"target\":{\"@type\":\"EntryPoint\",\"urlTemplate\":\"https:\\\/\\\/www.lapero.shop\\\/?s={search_term_string}\"},\"query-input\":{\"@type\":\"PropertyValueSpecification\",\"valueRequired\":true,\"valueName\":\"search_term_string\"}}],\"inLanguage\":\"fr-FR\"},{\"@type\":\"Organization\",\"@id\":\"https:\\\/\\\/www.lapero.shop\\\/#organization\",\"name\":\"L&#039;ap\u00e9ro\",\"url\":\"https:\\\/\\\/www.lapero.shop\\\/\",\"logo\":{\"@type\":\"ImageObject\",\"inLanguage\":\"fr-FR\",\"@id\":\"https:\\\/\\\/www.lapero.shop\\\/#\\\/schema\\\/logo\\\/image\\\/\",\"url\":\"https:\\\/\\\/www.lapero.shop\\\/wp-content\\\/uploads\\\/2024\\\/03\\\/cropped-logo_Lapero.shop_small.png\",\"contentUrl\":\"https:\\\/\\\/www.lapero.shop\\\/wp-content\\\/uploads\\\/2024\\\/03\\\/cropped-logo_Lapero.shop_small.png\",\"width\":1276,\"height\":332,\"caption\":\"L&#039;ap\u00e9ro\"},\"image\":{\"@id\":\"https:\\\/\\\/www.lapero.shop\\\/#\\\/schema\\\/logo\\\/image\\\/\"}}]}<\/script>\n<!-- \/ Yoast SEO plugin. -->","yoast_head_json":{"title":"Virgin Chardonnay bio Petit B\u00e9ret - L&#039;ap\u00e9ro","description":"Pour boire sans alcool mais avec plaisir! Virgin Chardonnay accompagne vos poissons. et volailles. Livraisons gratuites \u00e0 Toulouse.","robots":{"index":"index","follow":"follow","max-snippet":"max-snippet:-1","max-image-preview":"max-image-preview:large","max-video-preview":"max-video-preview:-1"},"canonical":"https:\/\/www.lapero.shop\/index.php\/produit\/virgin-chardonnay-bio-petit-beret\/","og_locale":"fr_FR","og_type":"article","og_title":"Virgin Chardonnay bio Petit B\u00e9ret - L&#039;ap\u00e9ro","og_description":"Pour boire sans alcool mais avec plaisir! Virgin Chardonnay accompagne vos poissons. et volailles. Livraisons gratuites \u00e0 Toulouse.","og_url":"https:\/\/www.lapero.shop\/index.php\/produit\/virgin-chardonnay-bio-petit-beret\/","og_site_name":"L&#039;ap\u00e9ro","article_modified_time":"2025-01-29T06:42:04+00:00","og_image":[{"width":800,"height":800,"url":"https:\/\/www.lapero.shop\/wp-content\/uploads\/2025\/01\/virgin-chardonnay-sans-alcool.png","type":"image\/png"}],"twitter_card":"summary_large_image","twitter_misc":{"Dur\u00e9e de lecture estim\u00e9e":"1 minute"},"schema":{"@context":"https:\/\/schema.org","@graph":[{"@type":"WebPage","@id":"https:\/\/www.lapero.shop\/index.php\/produit\/virgin-chardonnay-bio-petit-beret\/","url":"https:\/\/www.lapero.shop\/index.php\/produit\/virgin-chardonnay-bio-petit-beret\/","name":"Virgin Chardonnay bio Petit B\u00e9ret - L&#039;ap\u00e9ro","isPartOf":{"@id":"https:\/\/www.lapero.shop\/#website"},"primaryImageOfPage":{"@id":"https:\/\/www.lapero.shop\/index.php\/produit\/virgin-chardonnay-bio-petit-beret\/#primaryimage"},"image":{"@id":"https:\/\/www.lapero.shop\/index.php\/produit\/virgin-chardonnay-bio-petit-beret\/#primaryimage"},"thumbnailUrl":"https:\/\/www.lapero.shop\/wp-content\/uploads\/2025\/01\/virgin-chardonnay-sans-alcool.png","datePublished":"2025-01-29T06:33:09+00:00","dateModified":"2025-01-29T06:42:04+00:00","description":"Pour boire sans alcool mais avec plaisir! Virgin Chardonnay accompagne vos poissons. et volailles. Livraisons gratuites \u00e0 Toulouse.","breadcrumb":{"@id":"https:\/\/www.lapero.shop\/index.php\/produit\/virgin-chardonnay-bio-petit-beret\/#breadcrumb"},"inLanguage":"fr-FR","potentialAction":[{"@type":"ReadAction","target":["https:\/\/www.lapero.shop\/index.php\/produit\/virgin-chardonnay-bio-petit-beret\/"]}]},{"@type":"ImageObject","inLanguage":"fr-FR","@id":"https:\/\/www.lapero.shop\/index.php\/produit\/virgin-chardonnay-bio-petit-beret\/#primaryimage","url":"https:\/\/www.lapero.shop\/wp-content\/uploads\/2025\/01\/virgin-chardonnay-sans-alcool.png","contentUrl":"https:\/\/www.lapero.shop\/wp-content\/uploads\/2025\/01\/virgin-chardonnay-sans-alcool.png","width":800,"height":800,"caption":"Virgin Chardonnay sans alcool Petit B\u00e9r\u00eat"},{"@type":"BreadcrumbList","@id":"https:\/\/www.lapero.shop\/index.php\/produit\/virgin-chardonnay-bio-petit-beret\/#breadcrumb","itemListElement":[{"@type":"ListItem","position":1,"name":"Accueil","item":"https:\/\/www.lapero.shop\/"},{"@type":"ListItem","position":2,"name":"Boutique","item":"https:\/\/www.lapero.shop\/index.php\/boutique\/"},{"@type":"ListItem","position":3,"name":"Virgin Chardonnay bio Petit B\u00e9ret"}]},{"@type":"WebSite","@id":"https:\/\/www.lapero.shop\/#website","url":"https:\/\/www.lapero.shop\/","name":"L&#039;ap\u00e9ro","description":"Boissons festives sans alcool","publisher":{"@id":"https:\/\/www.lapero.shop\/#organization"},"potentialAction":[{"@type":"SearchAction","target":{"@type":"EntryPoint","urlTemplate":"https:\/\/www.lapero.shop\/?s={search_term_string}"},"query-input":{"@type":"PropertyValueSpecification","valueRequired":true,"valueName":"search_term_string"}}],"inLanguage":"fr-FR"},{"@type":"Organization","@id":"https:\/\/www.lapero.shop\/#organization","name":"L&#039;ap\u00e9ro","url":"https:\/\/www.lapero.shop\/","logo":{"@type":"ImageObject","inLanguage":"fr-FR","@id":"https:\/\/www.lapero.shop\/#\/schema\/logo\/image\/","url":"https:\/\/www.lapero.shop\/wp-content\/uploads\/2024\/03\/cropped-logo_Lapero.shop_small.png","contentUrl":"https:\/\/www.lapero.shop\/wp-content\/uploads\/2024\/03\/cropped-logo_Lapero.shop_small.png","width":1276,"height":332,"caption":"L&#039;ap\u00e9ro"},"image":{"@id":"https:\/\/www.lapero.shop\/#\/schema\/logo\/image\/"}}]}},"jetpack_sharing_enabled":true,"_links":{"self":[{"href":"https:\/\/www.lapero.shop\/index.php\/wp-json\/wp\/v2\/product\/296","targetHints":{"allow":["GET"]}}],"collection":[{"href":"https:\/\/www.lapero.shop\/index.php\/wp-json\/wp\/v2\/product"}],"about":[{"href":"https:\/\/www.lapero.shop\/index.php\/wp-json\/wp\/v2\/types\/product"}],"replies":[{"embeddable":true,"href":"https:\/\/www.lapero.shop\/index.php\/wp-json\/wp\/v2\/comments?post=296"}],"wp:featuredmedia":[{"embeddable":true,"href":"https:\/\/www.lapero.shop\/index.php\/wp-json\/wp\/v2\/media\/297"}],"wp:attachment":[{"href":"https:\/\/www.lapero.shop\/index.php\/wp-json\/wp\/v2\/media?parent=296"}],"wp:term":[{"taxonomy":"product_brand","embeddable":true,"href":"https:\/\/www.lapero.shop\/index.php\/wp-json\/wp\/v2\/product_brand?post=296"},{"taxonomy":"product_cat","embeddable":true,"href":"https:\/\/www.lapero.shop\/index.php\/wp-json\/wp\/v2\/product_cat?post=296"},{"taxonomy":"product_tag","embeddable":true,"href":"https:\/\/www.lapero.shop\/index.php\/wp-json\/wp\/v2\/product_tag?post=296"}],"curies":[{"name":"wp","href":"https:\/\/api.w.org\/{rel}","templated":true}]}}