{"id":375,"date":"2025-08-21T18:54:25","date_gmt":"2025-08-21T16:54:25","guid":{"rendered":"https:\/\/www.lapero.shop\/?post_type=product&#038;p=375"},"modified":"2025-12-23T17:59:59","modified_gmt":"2025-12-23T16:59:59","slug":"bourbon-sober-spirits","status":"publish","type":"product","link":"https:\/\/www.lapero.shop\/index.php\/produit\/bourbon-sober-spirits\/","title":{"rendered":"Bourbon 0% Sober Spirits"},"content":{"rendered":"<p>Le Bourbon 0,0% de Sober Spirits a \u00e9t\u00e9 pour moi une lente r\u00e9v\u00e9lation.<\/p>\n<p>Au d\u00e9but, je n&rsquo;osais pas le go\u00fbter car il a une odeur tr\u00e8s marqu\u00e9e de bourbon, et je ne suis pas fan des alcools forts.<\/p>\n<p>Je l&rsquo;ai go\u00fbt\u00e9 une premi\u00e8re fois pur, et j&rsquo;ai cru que j&rsquo;allais en rester l\u00e0: il est tr\u00e8s concentr\u00e9, tr\u00e8s puissant en bouche.<\/p>\n<p>La r\u00e9v\u00e9lation est arriv\u00e9e quand j&rsquo;ai trouv\u00e9 la bonne fa\u00e7on pour moi de le servir. C&rsquo;est \u00e7a qui est top dans les bases de cocktails, c&rsquo;est qu&rsquo;on peut les d\u00e9cliner de pleins de fa\u00e7ons et trouver la version qui marche pour soi.<\/p>\n<p>Ma r\u00e9v\u00e9lation donc: un soup\u00e7on de Bourbon 0,0% Sober Spirits, avec de la Ginger Beer. L&rsquo;\u00e9quilibre est g\u00e9nial: on est sur 2 boissons puissantes qui s&rsquo;apportent mutuellement un vrai +.<\/p>\n<p>Depuis je la recommande \u00e0 tout le monde \u00e0 chacune des d\u00e9gustations que j&rsquo;organise!<\/p>\n<p>Et toujours 0 sucres comme dans toute la gamme Sober Spirits.<\/p>\n<p>\u00c9labor\u00e9 \u00e0 partir d&rsquo;un authentique spiritueux de 3 ans d&rsquo;\u00e2ge, il a \u00e9t\u00e9 \u00ab\u00a0bourbonis\u00e9\u00a0\u00bb par redistillation avec de l&rsquo;\u00e9corce de bois torr\u00e9fi\u00e9e. L&rsquo;ar\u00f4me de Sober Spirits W 0.0% &#8211; Bourbon alternative est typique d&rsquo;un Bourbon am\u00e9ricain, bois\u00e9 et intense en saveur avec une note gourmande de Toffee (chocolat &amp; caramel), sublim\u00e9e par une d\u00e9licieuse pointe de vanille.<\/p>\n<p>Pour tous vos cocktails, le Sober Spirits Bourbon s&rsquo;utilise de la m\u00eame mani\u00e8re et avec le m\u00eame dosage qu&rsquo;un alcool (4 \u00e0 5cl par cocktail).<\/p>\n<p>R\u00e9compens\u00e9 par le prix Non-Alcoholic Spirit of the Year au prestigieux London Spirits competition.<\/p>\n<p>La bouteille de 500 ml permet\u00a0de servir 10 \u00e0 12 cocktails.<\/p>\n<p>Une fois ouvert, se conserve au frigo pendant 6 mois.<\/p>\n","protected":false},"excerpt":{"rendered":"<p>Bourbon Alternative 0,0% sans sucre Sober Spirits, 500 ml.<\/p>\n","protected":false},"featured_media":378,"comment_status":"open","ping_status":"closed","template":"","meta":[],"product_brand":[],"product_cat":[19],"product_tag":[],"class_list":{"0":"post-375","1":"product","2":"type-product","3":"status-publish","4":"has-post-thumbnail","6":"product_cat-cocktails","8":"first","9":"instock","10":"shipping-taxable","11":"purchasable","12":"product-type-simple"},"yoast_head":"<!-- This site is optimized with the Yoast SEO plugin v27.4 - https:\/\/yoast.com\/product\/yoast-seo-wordpress\/ -->\n<title>Bourbon 0% Sober Spirits - L&#039;ap\u00e9ro.shop<\/title>\n<meta name=\"description\" content=\"Pour boire sans alcool mais avec plaisir! Alternative au Bourbon sans alcool et sans sucre. Livraisons gratuites, sur Toulouse et proche agglom\u00e9ration.\" \/>\n<meta name=\"robots\" content=\"index, follow, max-snippet:-1, max-image-preview:large, max-video-preview:-1\" \/>\n<link rel=\"canonical\" href=\"https:\/\/www.lapero.shop\/index.php\/produit\/bourbon-sober-spirits\/\" \/>\n<meta property=\"og:locale\" content=\"fr_FR\" \/>\n<meta property=\"og:type\" content=\"article\" \/>\n<meta property=\"og:title\" content=\"Bourbon 0% Sober Spirits - L&#039;ap\u00e9ro.shop\" \/>\n<meta property=\"og:description\" content=\"Pour boire sans alcool mais avec plaisir! Alternative au Bourbon sans alcool et sans sucre. Livraisons gratuites, sur Toulouse et proche agglom\u00e9ration.\" \/>\n<meta property=\"og:url\" content=\"https:\/\/www.lapero.shop\/index.php\/produit\/bourbon-sober-spirits\/\" \/>\n<meta property=\"og:site_name\" content=\"L&#039;ap\u00e9ro\" \/>\n<meta property=\"article:modified_time\" content=\"2025-12-23T16:59:59+00:00\" \/>\n<meta property=\"og:image\" content=\"https:\/\/www.lapero.shop\/wp-content\/uploads\/2025\/08\/Sober_Spirits_Bourbon_Sans_Alcool_fond_blanc.webp\" \/>\n\t<meta property=\"og:image:width\" content=\"1600\" \/>\n\t<meta property=\"og:image:height\" content=\"1600\" \/>\n\t<meta property=\"og:image:type\" content=\"image\/webp\" \/>\n<meta name=\"twitter:card\" content=\"summary_large_image\" \/>\n<meta name=\"twitter:label1\" content=\"Dur\u00e9e de lecture estim\u00e9e\" \/>\n\t<meta name=\"twitter:data1\" content=\"2 minutes\" \/>\n<script type=\"application\/ld+json\" class=\"yoast-schema-graph\">{\"@context\":\"https:\\\/\\\/schema.org\",\"@graph\":[{\"@type\":\"WebPage\",\"@id\":\"https:\\\/\\\/www.lapero.shop\\\/index.php\\\/produit\\\/bourbon-sober-spirits\\\/\",\"url\":\"https:\\\/\\\/www.lapero.shop\\\/index.php\\\/produit\\\/bourbon-sober-spirits\\\/\",\"name\":\"Bourbon 0% Sober Spirits - L&#039;ap\u00e9ro.shop\",\"isPartOf\":{\"@id\":\"https:\\\/\\\/www.lapero.shop\\\/#website\"},\"primaryImageOfPage\":{\"@id\":\"https:\\\/\\\/www.lapero.shop\\\/index.php\\\/produit\\\/bourbon-sober-spirits\\\/#primaryimage\"},\"image\":{\"@id\":\"https:\\\/\\\/www.lapero.shop\\\/index.php\\\/produit\\\/bourbon-sober-spirits\\\/#primaryimage\"},\"thumbnailUrl\":\"https:\\\/\\\/www.lapero.shop\\\/wp-content\\\/uploads\\\/2025\\\/08\\\/Sober_Spirits_Bourbon_Sans_Alcool_fond_blanc.webp\",\"datePublished\":\"2025-08-21T16:54:25+00:00\",\"dateModified\":\"2025-12-23T16:59:59+00:00\",\"description\":\"Pour boire sans alcool mais avec plaisir! Alternative au Bourbon sans alcool et sans sucre. Livraisons gratuites, sur Toulouse et proche agglom\u00e9ration.\",\"breadcrumb\":{\"@id\":\"https:\\\/\\\/www.lapero.shop\\\/index.php\\\/produit\\\/bourbon-sober-spirits\\\/#breadcrumb\"},\"inLanguage\":\"fr-FR\",\"potentialAction\":[{\"@type\":\"ReadAction\",\"target\":[\"https:\\\/\\\/www.lapero.shop\\\/index.php\\\/produit\\\/bourbon-sober-spirits\\\/\"]}]},{\"@type\":\"ImageObject\",\"inLanguage\":\"fr-FR\",\"@id\":\"https:\\\/\\\/www.lapero.shop\\\/index.php\\\/produit\\\/bourbon-sober-spirits\\\/#primaryimage\",\"url\":\"https:\\\/\\\/www.lapero.shop\\\/wp-content\\\/uploads\\\/2025\\\/08\\\/Sober_Spirits_Bourbon_Sans_Alcool_fond_blanc.webp\",\"contentUrl\":\"https:\\\/\\\/www.lapero.shop\\\/wp-content\\\/uploads\\\/2025\\\/08\\\/Sober_Spirits_Bourbon_Sans_Alcool_fond_blanc.webp\",\"width\":1600,\"height\":1600},{\"@type\":\"BreadcrumbList\",\"@id\":\"https:\\\/\\\/www.lapero.shop\\\/index.php\\\/produit\\\/bourbon-sober-spirits\\\/#breadcrumb\",\"itemListElement\":[{\"@type\":\"ListItem\",\"position\":1,\"name\":\"Accueil\",\"item\":\"https:\\\/\\\/www.lapero.shop\\\/\"},{\"@type\":\"ListItem\",\"position\":2,\"name\":\"Boutique\",\"item\":\"https:\\\/\\\/www.lapero.shop\\\/index.php\\\/boutique\\\/\"},{\"@type\":\"ListItem\",\"position\":3,\"name\":\"Bourbon 0% Sober Spirits\"}]},{\"@type\":\"WebSite\",\"@id\":\"https:\\\/\\\/www.lapero.shop\\\/#website\",\"url\":\"https:\\\/\\\/www.lapero.shop\\\/\",\"name\":\"L&#039;ap\u00e9ro\",\"description\":\"Boissons festives sans alcool\",\"publisher\":{\"@id\":\"https:\\\/\\\/www.lapero.shop\\\/#organization\"},\"potentialAction\":[{\"@type\":\"SearchAction\",\"target\":{\"@type\":\"EntryPoint\",\"urlTemplate\":\"https:\\\/\\\/www.lapero.shop\\\/?s={search_term_string}\"},\"query-input\":{\"@type\":\"PropertyValueSpecification\",\"valueRequired\":true,\"valueName\":\"search_term_string\"}}],\"inLanguage\":\"fr-FR\"},{\"@type\":\"Organization\",\"@id\":\"https:\\\/\\\/www.lapero.shop\\\/#organization\",\"name\":\"L&#039;ap\u00e9ro\",\"url\":\"https:\\\/\\\/www.lapero.shop\\\/\",\"logo\":{\"@type\":\"ImageObject\",\"inLanguage\":\"fr-FR\",\"@id\":\"https:\\\/\\\/www.lapero.shop\\\/#\\\/schema\\\/logo\\\/image\\\/\",\"url\":\"https:\\\/\\\/www.lapero.shop\\\/wp-content\\\/uploads\\\/2024\\\/03\\\/cropped-logo_Lapero.shop_small.png\",\"contentUrl\":\"https:\\\/\\\/www.lapero.shop\\\/wp-content\\\/uploads\\\/2024\\\/03\\\/cropped-logo_Lapero.shop_small.png\",\"width\":1276,\"height\":332,\"caption\":\"L&#039;ap\u00e9ro\"},\"image\":{\"@id\":\"https:\\\/\\\/www.lapero.shop\\\/#\\\/schema\\\/logo\\\/image\\\/\"}}]}<\/script>\n<!-- \/ Yoast SEO plugin. -->","yoast_head_json":{"title":"Bourbon 0% Sober Spirits - L&#039;ap\u00e9ro.shop","description":"Pour boire sans alcool mais avec plaisir! Alternative au Bourbon sans alcool et sans sucre. Livraisons gratuites, sur Toulouse et proche agglom\u00e9ration.","robots":{"index":"index","follow":"follow","max-snippet":"max-snippet:-1","max-image-preview":"max-image-preview:large","max-video-preview":"max-video-preview:-1"},"canonical":"https:\/\/www.lapero.shop\/index.php\/produit\/bourbon-sober-spirits\/","og_locale":"fr_FR","og_type":"article","og_title":"Bourbon 0% Sober Spirits - L&#039;ap\u00e9ro.shop","og_description":"Pour boire sans alcool mais avec plaisir! Alternative au Bourbon sans alcool et sans sucre. Livraisons gratuites, sur Toulouse et proche agglom\u00e9ration.","og_url":"https:\/\/www.lapero.shop\/index.php\/produit\/bourbon-sober-spirits\/","og_site_name":"L&#039;ap\u00e9ro","article_modified_time":"2025-12-23T16:59:59+00:00","og_image":[{"width":1600,"height":1600,"url":"https:\/\/www.lapero.shop\/wp-content\/uploads\/2025\/08\/Sober_Spirits_Bourbon_Sans_Alcool_fond_blanc.webp","type":"image\/webp"}],"twitter_card":"summary_large_image","twitter_misc":{"Dur\u00e9e de lecture estim\u00e9e":"2 minutes"},"schema":{"@context":"https:\/\/schema.org","@graph":[{"@type":"WebPage","@id":"https:\/\/www.lapero.shop\/index.php\/produit\/bourbon-sober-spirits\/","url":"https:\/\/www.lapero.shop\/index.php\/produit\/bourbon-sober-spirits\/","name":"Bourbon 0% Sober Spirits - L&#039;ap\u00e9ro.shop","isPartOf":{"@id":"https:\/\/www.lapero.shop\/#website"},"primaryImageOfPage":{"@id":"https:\/\/www.lapero.shop\/index.php\/produit\/bourbon-sober-spirits\/#primaryimage"},"image":{"@id":"https:\/\/www.lapero.shop\/index.php\/produit\/bourbon-sober-spirits\/#primaryimage"},"thumbnailUrl":"https:\/\/www.lapero.shop\/wp-content\/uploads\/2025\/08\/Sober_Spirits_Bourbon_Sans_Alcool_fond_blanc.webp","datePublished":"2025-08-21T16:54:25+00:00","dateModified":"2025-12-23T16:59:59+00:00","description":"Pour boire sans alcool mais avec plaisir! Alternative au Bourbon sans alcool et sans sucre. Livraisons gratuites, sur Toulouse et proche agglom\u00e9ration.","breadcrumb":{"@id":"https:\/\/www.lapero.shop\/index.php\/produit\/bourbon-sober-spirits\/#breadcrumb"},"inLanguage":"fr-FR","potentialAction":[{"@type":"ReadAction","target":["https:\/\/www.lapero.shop\/index.php\/produit\/bourbon-sober-spirits\/"]}]},{"@type":"ImageObject","inLanguage":"fr-FR","@id":"https:\/\/www.lapero.shop\/index.php\/produit\/bourbon-sober-spirits\/#primaryimage","url":"https:\/\/www.lapero.shop\/wp-content\/uploads\/2025\/08\/Sober_Spirits_Bourbon_Sans_Alcool_fond_blanc.webp","contentUrl":"https:\/\/www.lapero.shop\/wp-content\/uploads\/2025\/08\/Sober_Spirits_Bourbon_Sans_Alcool_fond_blanc.webp","width":1600,"height":1600},{"@type":"BreadcrumbList","@id":"https:\/\/www.lapero.shop\/index.php\/produit\/bourbon-sober-spirits\/#breadcrumb","itemListElement":[{"@type":"ListItem","position":1,"name":"Accueil","item":"https:\/\/www.lapero.shop\/"},{"@type":"ListItem","position":2,"name":"Boutique","item":"https:\/\/www.lapero.shop\/index.php\/boutique\/"},{"@type":"ListItem","position":3,"name":"Bourbon 0% Sober Spirits"}]},{"@type":"WebSite","@id":"https:\/\/www.lapero.shop\/#website","url":"https:\/\/www.lapero.shop\/","name":"L&#039;ap\u00e9ro","description":"Boissons festives sans alcool","publisher":{"@id":"https:\/\/www.lapero.shop\/#organization"},"potentialAction":[{"@type":"SearchAction","target":{"@type":"EntryPoint","urlTemplate":"https:\/\/www.lapero.shop\/?s={search_term_string}"},"query-input":{"@type":"PropertyValueSpecification","valueRequired":true,"valueName":"search_term_string"}}],"inLanguage":"fr-FR"},{"@type":"Organization","@id":"https:\/\/www.lapero.shop\/#organization","name":"L&#039;ap\u00e9ro","url":"https:\/\/www.lapero.shop\/","logo":{"@type":"ImageObject","inLanguage":"fr-FR","@id":"https:\/\/www.lapero.shop\/#\/schema\/logo\/image\/","url":"https:\/\/www.lapero.shop\/wp-content\/uploads\/2024\/03\/cropped-logo_Lapero.shop_small.png","contentUrl":"https:\/\/www.lapero.shop\/wp-content\/uploads\/2024\/03\/cropped-logo_Lapero.shop_small.png","width":1276,"height":332,"caption":"L&#039;ap\u00e9ro"},"image":{"@id":"https:\/\/www.lapero.shop\/#\/schema\/logo\/image\/"}}]}},"jetpack_sharing_enabled":true,"_links":{"self":[{"href":"https:\/\/www.lapero.shop\/index.php\/wp-json\/wp\/v2\/product\/375","targetHints":{"allow":["GET"]}}],"collection":[{"href":"https:\/\/www.lapero.shop\/index.php\/wp-json\/wp\/v2\/product"}],"about":[{"href":"https:\/\/www.lapero.shop\/index.php\/wp-json\/wp\/v2\/types\/product"}],"replies":[{"embeddable":true,"href":"https:\/\/www.lapero.shop\/index.php\/wp-json\/wp\/v2\/comments?post=375"}],"wp:featuredmedia":[{"embeddable":true,"href":"https:\/\/www.lapero.shop\/index.php\/wp-json\/wp\/v2\/media\/378"}],"wp:attachment":[{"href":"https:\/\/www.lapero.shop\/index.php\/wp-json\/wp\/v2\/media?parent=375"}],"wp:term":[{"taxonomy":"product_brand","embeddable":true,"href":"https:\/\/www.lapero.shop\/index.php\/wp-json\/wp\/v2\/product_brand?post=375"},{"taxonomy":"product_cat","embeddable":true,"href":"https:\/\/www.lapero.shop\/index.php\/wp-json\/wp\/v2\/product_cat?post=375"},{"taxonomy":"product_tag","embeddable":true,"href":"https:\/\/www.lapero.shop\/index.php\/wp-json\/wp\/v2\/product_tag?post=375"}],"curies":[{"name":"wp","href":"https:\/\/api.w.org\/{rel}","templated":true}]}}