{"id":407,"date":"2026-01-17T11:32:42","date_gmt":"2026-01-17T10:32:42","guid":{"rendered":"https:\/\/www.lapero.shop\/?post_type=product&#038;p=407"},"modified":"2026-01-17T11:41:14","modified_gmt":"2026-01-17T10:41:14","slug":"coffret-soft-janvier","status":"publish","type":"product","link":"https:\/\/www.lapero.shop\/index.php\/produit\/coffret-soft-janvier\/","title":{"rendered":"Coffret SOFT Janvier"},"content":{"rendered":"<div>Premier Coffret d\u00e9couverte de l&rsquo;ann\u00e9e !<\/div>\n<div><\/div>\n<div>2 p\u00e9tillants gastronomiques sans alcool, produits en bio en Touraine et tr\u00e8s faibles en sucre (2,5%): une alternative saine et originale aux sodas!<\/div>\n<ul data-editing-info=\"{&quot;applyListStyleFromLevel&quot;:false,&quot;unorderedStyleType&quot;:2}\">\n<li>\n<div role=\"presentation\">Rose Gingembre, pour l&rsquo;ap\u00e9ro ou accompagner un dessert (25 cl)<\/div>\n<\/li>\n<li>\n<div role=\"presentation\">Citron Romarin Bergamotte, \u00e0 l&rsquo;ap\u00e9ro ou accompagner le repas (25 cl)<\/div>\n<\/li>\n<\/ul>\n<div><\/div>\n<div>Sauvignon Blanc d\u00e9salcoolis\u00e9 Divin 0.0% pour un plaisir frais et min\u00e9ral en accompagnement de votre repas.<\/div>\n","protected":false},"excerpt":{"rendered":"<p>Coffret d\u00e9couverte sans alcool: 2 p\u00e9tillants gastronomiques et 1 Sauvignon Blanc d\u00e9salcoolis\u00e9<\/p>\n","protected":false},"featured_media":302,"comment_status":"open","ping_status":"closed","template":"","meta":[],"product_brand":[],"product_cat":[36],"product_tag":[37],"class_list":{"0":"post-407","1":"product","2":"type-product","3":"status-publish","4":"has-post-thumbnail","6":"product_cat-coffrets","7":"product_tag-coffret","9":"first","10":"instock","11":"shipping-taxable","12":"purchasable","13":"product-type-simple"},"yoast_head":"<!-- This site is optimized with the Yoast SEO plugin v27.4 - https:\/\/yoast.com\/product\/yoast-seo-wordpress\/ -->\n<title>Coffret SOFT Janvier - L&#039;ap\u00e9ro<\/title>\n<meta name=\"description\" content=\"Coffret d\u00e9couverte sans alcool: 2 p\u00e9tillants gastronomiques et 1 Sauvignon Blanc d\u00e9salcoolis\u00e9\" \/>\n<meta name=\"robots\" content=\"index, follow, max-snippet:-1, max-image-preview:large, max-video-preview:-1\" \/>\n<link rel=\"canonical\" href=\"https:\/\/www.lapero.shop\/index.php\/produit\/coffret-soft-janvier\/\" \/>\n<meta property=\"og:locale\" content=\"fr_FR\" \/>\n<meta property=\"og:type\" content=\"article\" \/>\n<meta property=\"og:title\" content=\"Coffret SOFT Janvier - L&#039;ap\u00e9ro\" \/>\n<meta property=\"og:description\" content=\"Coffret d\u00e9couverte sans alcool: 2 p\u00e9tillants gastronomiques et 1 Sauvignon Blanc d\u00e9salcoolis\u00e9\" \/>\n<meta property=\"og:url\" content=\"https:\/\/www.lapero.shop\/index.php\/produit\/coffret-soft-janvier\/\" \/>\n<meta property=\"og:site_name\" content=\"L&#039;ap\u00e9ro\" \/>\n<meta property=\"article:modified_time\" content=\"2026-01-17T10:41:14+00:00\" \/>\n<meta property=\"og:image\" content=\"https:\/\/www.lapero.shop\/wp-content\/uploads\/2025\/01\/divin_0.0_sauvignonblanc_web.png\" \/>\n\t<meta property=\"og:image:width\" content=\"800\" \/>\n\t<meta property=\"og:image:height\" content=\"800\" \/>\n\t<meta property=\"og:image:type\" content=\"image\/png\" \/>\n<meta name=\"twitter:card\" content=\"summary_large_image\" \/>\n<meta name=\"twitter:label1\" content=\"Dur\u00e9e de lecture estim\u00e9e\" \/>\n\t<meta name=\"twitter:data1\" content=\"1 minute\" \/>\n<script type=\"application\/ld+json\" class=\"yoast-schema-graph\">{\"@context\":\"https:\\\/\\\/schema.org\",\"@graph\":[{\"@type\":\"WebPage\",\"@id\":\"https:\\\/\\\/www.lapero.shop\\\/index.php\\\/produit\\\/coffret-soft-janvier\\\/\",\"url\":\"https:\\\/\\\/www.lapero.shop\\\/index.php\\\/produit\\\/coffret-soft-janvier\\\/\",\"name\":\"Coffret SOFT Janvier - L&#039;ap\u00e9ro\",\"isPartOf\":{\"@id\":\"https:\\\/\\\/www.lapero.shop\\\/#website\"},\"primaryImageOfPage\":{\"@id\":\"https:\\\/\\\/www.lapero.shop\\\/index.php\\\/produit\\\/coffret-soft-janvier\\\/#primaryimage\"},\"image\":{\"@id\":\"https:\\\/\\\/www.lapero.shop\\\/index.php\\\/produit\\\/coffret-soft-janvier\\\/#primaryimage\"},\"thumbnailUrl\":\"https:\\\/\\\/www.lapero.shop\\\/wp-content\\\/uploads\\\/2025\\\/01\\\/divin_0.0_sauvignonblanc_web.png\",\"datePublished\":\"2026-01-17T10:32:42+00:00\",\"dateModified\":\"2026-01-17T10:41:14+00:00\",\"description\":\"Coffret d\u00e9couverte sans alcool: 2 p\u00e9tillants gastronomiques et 1 Sauvignon Blanc d\u00e9salcoolis\u00e9\",\"breadcrumb\":{\"@id\":\"https:\\\/\\\/www.lapero.shop\\\/index.php\\\/produit\\\/coffret-soft-janvier\\\/#breadcrumb\"},\"inLanguage\":\"fr-FR\",\"potentialAction\":[{\"@type\":\"ReadAction\",\"target\":[\"https:\\\/\\\/www.lapero.shop\\\/index.php\\\/produit\\\/coffret-soft-janvier\\\/\"]}]},{\"@type\":\"ImageObject\",\"inLanguage\":\"fr-FR\",\"@id\":\"https:\\\/\\\/www.lapero.shop\\\/index.php\\\/produit\\\/coffret-soft-janvier\\\/#primaryimage\",\"url\":\"https:\\\/\\\/www.lapero.shop\\\/wp-content\\\/uploads\\\/2025\\\/01\\\/divin_0.0_sauvignonblanc_web.png\",\"contentUrl\":\"https:\\\/\\\/www.lapero.shop\\\/wp-content\\\/uploads\\\/2025\\\/01\\\/divin_0.0_sauvignonblanc_web.png\",\"width\":800,\"height\":800,\"caption\":\"Sauvignon blanc d\u00e9salcoolis\u00e9 Divin NoLow\"},{\"@type\":\"BreadcrumbList\",\"@id\":\"https:\\\/\\\/www.lapero.shop\\\/index.php\\\/produit\\\/coffret-soft-janvier\\\/#breadcrumb\",\"itemListElement\":[{\"@type\":\"ListItem\",\"position\":1,\"name\":\"Accueil\",\"item\":\"https:\\\/\\\/www.lapero.shop\\\/\"},{\"@type\":\"ListItem\",\"position\":2,\"name\":\"Boutique\",\"item\":\"https:\\\/\\\/www.lapero.shop\\\/index.php\\\/boutique\\\/\"},{\"@type\":\"ListItem\",\"position\":3,\"name\":\"Coffret SOFT Janvier\"}]},{\"@type\":\"WebSite\",\"@id\":\"https:\\\/\\\/www.lapero.shop\\\/#website\",\"url\":\"https:\\\/\\\/www.lapero.shop\\\/\",\"name\":\"L&#039;ap\u00e9ro\",\"description\":\"Boissons festives sans alcool\",\"publisher\":{\"@id\":\"https:\\\/\\\/www.lapero.shop\\\/#organization\"},\"potentialAction\":[{\"@type\":\"SearchAction\",\"target\":{\"@type\":\"EntryPoint\",\"urlTemplate\":\"https:\\\/\\\/www.lapero.shop\\\/?s={search_term_string}\"},\"query-input\":{\"@type\":\"PropertyValueSpecification\",\"valueRequired\":true,\"valueName\":\"search_term_string\"}}],\"inLanguage\":\"fr-FR\"},{\"@type\":\"Organization\",\"@id\":\"https:\\\/\\\/www.lapero.shop\\\/#organization\",\"name\":\"L&#039;ap\u00e9ro\",\"url\":\"https:\\\/\\\/www.lapero.shop\\\/\",\"logo\":{\"@type\":\"ImageObject\",\"inLanguage\":\"fr-FR\",\"@id\":\"https:\\\/\\\/www.lapero.shop\\\/#\\\/schema\\\/logo\\\/image\\\/\",\"url\":\"https:\\\/\\\/www.lapero.shop\\\/wp-content\\\/uploads\\\/2024\\\/03\\\/cropped-logo_Lapero.shop_small.png\",\"contentUrl\":\"https:\\\/\\\/www.lapero.shop\\\/wp-content\\\/uploads\\\/2024\\\/03\\\/cropped-logo_Lapero.shop_small.png\",\"width\":1276,\"height\":332,\"caption\":\"L&#039;ap\u00e9ro\"},\"image\":{\"@id\":\"https:\\\/\\\/www.lapero.shop\\\/#\\\/schema\\\/logo\\\/image\\\/\"}}]}<\/script>\n<!-- \/ Yoast SEO plugin. -->","yoast_head_json":{"title":"Coffret SOFT Janvier - L&#039;ap\u00e9ro","description":"Coffret d\u00e9couverte sans alcool: 2 p\u00e9tillants gastronomiques et 1 Sauvignon Blanc d\u00e9salcoolis\u00e9","robots":{"index":"index","follow":"follow","max-snippet":"max-snippet:-1","max-image-preview":"max-image-preview:large","max-video-preview":"max-video-preview:-1"},"canonical":"https:\/\/www.lapero.shop\/index.php\/produit\/coffret-soft-janvier\/","og_locale":"fr_FR","og_type":"article","og_title":"Coffret SOFT Janvier - L&#039;ap\u00e9ro","og_description":"Coffret d\u00e9couverte sans alcool: 2 p\u00e9tillants gastronomiques et 1 Sauvignon Blanc d\u00e9salcoolis\u00e9","og_url":"https:\/\/www.lapero.shop\/index.php\/produit\/coffret-soft-janvier\/","og_site_name":"L&#039;ap\u00e9ro","article_modified_time":"2026-01-17T10:41:14+00:00","og_image":[{"width":800,"height":800,"url":"https:\/\/www.lapero.shop\/wp-content\/uploads\/2025\/01\/divin_0.0_sauvignonblanc_web.png","type":"image\/png"}],"twitter_card":"summary_large_image","twitter_misc":{"Dur\u00e9e de lecture estim\u00e9e":"1 minute"},"schema":{"@context":"https:\/\/schema.org","@graph":[{"@type":"WebPage","@id":"https:\/\/www.lapero.shop\/index.php\/produit\/coffret-soft-janvier\/","url":"https:\/\/www.lapero.shop\/index.php\/produit\/coffret-soft-janvier\/","name":"Coffret SOFT Janvier - L&#039;ap\u00e9ro","isPartOf":{"@id":"https:\/\/www.lapero.shop\/#website"},"primaryImageOfPage":{"@id":"https:\/\/www.lapero.shop\/index.php\/produit\/coffret-soft-janvier\/#primaryimage"},"image":{"@id":"https:\/\/www.lapero.shop\/index.php\/produit\/coffret-soft-janvier\/#primaryimage"},"thumbnailUrl":"https:\/\/www.lapero.shop\/wp-content\/uploads\/2025\/01\/divin_0.0_sauvignonblanc_web.png","datePublished":"2026-01-17T10:32:42+00:00","dateModified":"2026-01-17T10:41:14+00:00","description":"Coffret d\u00e9couverte sans alcool: 2 p\u00e9tillants gastronomiques et 1 Sauvignon Blanc d\u00e9salcoolis\u00e9","breadcrumb":{"@id":"https:\/\/www.lapero.shop\/index.php\/produit\/coffret-soft-janvier\/#breadcrumb"},"inLanguage":"fr-FR","potentialAction":[{"@type":"ReadAction","target":["https:\/\/www.lapero.shop\/index.php\/produit\/coffret-soft-janvier\/"]}]},{"@type":"ImageObject","inLanguage":"fr-FR","@id":"https:\/\/www.lapero.shop\/index.php\/produit\/coffret-soft-janvier\/#primaryimage","url":"https:\/\/www.lapero.shop\/wp-content\/uploads\/2025\/01\/divin_0.0_sauvignonblanc_web.png","contentUrl":"https:\/\/www.lapero.shop\/wp-content\/uploads\/2025\/01\/divin_0.0_sauvignonblanc_web.png","width":800,"height":800,"caption":"Sauvignon blanc d\u00e9salcoolis\u00e9 Divin NoLow"},{"@type":"BreadcrumbList","@id":"https:\/\/www.lapero.shop\/index.php\/produit\/coffret-soft-janvier\/#breadcrumb","itemListElement":[{"@type":"ListItem","position":1,"name":"Accueil","item":"https:\/\/www.lapero.shop\/"},{"@type":"ListItem","position":2,"name":"Boutique","item":"https:\/\/www.lapero.shop\/index.php\/boutique\/"},{"@type":"ListItem","position":3,"name":"Coffret SOFT Janvier"}]},{"@type":"WebSite","@id":"https:\/\/www.lapero.shop\/#website","url":"https:\/\/www.lapero.shop\/","name":"L&#039;ap\u00e9ro","description":"Boissons festives sans alcool","publisher":{"@id":"https:\/\/www.lapero.shop\/#organization"},"potentialAction":[{"@type":"SearchAction","target":{"@type":"EntryPoint","urlTemplate":"https:\/\/www.lapero.shop\/?s={search_term_string}"},"query-input":{"@type":"PropertyValueSpecification","valueRequired":true,"valueName":"search_term_string"}}],"inLanguage":"fr-FR"},{"@type":"Organization","@id":"https:\/\/www.lapero.shop\/#organization","name":"L&#039;ap\u00e9ro","url":"https:\/\/www.lapero.shop\/","logo":{"@type":"ImageObject","inLanguage":"fr-FR","@id":"https:\/\/www.lapero.shop\/#\/schema\/logo\/image\/","url":"https:\/\/www.lapero.shop\/wp-content\/uploads\/2024\/03\/cropped-logo_Lapero.shop_small.png","contentUrl":"https:\/\/www.lapero.shop\/wp-content\/uploads\/2024\/03\/cropped-logo_Lapero.shop_small.png","width":1276,"height":332,"caption":"L&#039;ap\u00e9ro"},"image":{"@id":"https:\/\/www.lapero.shop\/#\/schema\/logo\/image\/"}}]}},"jetpack_sharing_enabled":true,"_links":{"self":[{"href":"https:\/\/www.lapero.shop\/index.php\/wp-json\/wp\/v2\/product\/407","targetHints":{"allow":["GET"]}}],"collection":[{"href":"https:\/\/www.lapero.shop\/index.php\/wp-json\/wp\/v2\/product"}],"about":[{"href":"https:\/\/www.lapero.shop\/index.php\/wp-json\/wp\/v2\/types\/product"}],"replies":[{"embeddable":true,"href":"https:\/\/www.lapero.shop\/index.php\/wp-json\/wp\/v2\/comments?post=407"}],"wp:featuredmedia":[{"embeddable":true,"href":"https:\/\/www.lapero.shop\/index.php\/wp-json\/wp\/v2\/media\/302"}],"wp:attachment":[{"href":"https:\/\/www.lapero.shop\/index.php\/wp-json\/wp\/v2\/media?parent=407"}],"wp:term":[{"taxonomy":"product_brand","embeddable":true,"href":"https:\/\/www.lapero.shop\/index.php\/wp-json\/wp\/v2\/product_brand?post=407"},{"taxonomy":"product_cat","embeddable":true,"href":"https:\/\/www.lapero.shop\/index.php\/wp-json\/wp\/v2\/product_cat?post=407"},{"taxonomy":"product_tag","embeddable":true,"href":"https:\/\/www.lapero.shop\/index.php\/wp-json\/wp\/v2\/product_tag?post=407"}],"curies":[{"name":"wp","href":"https:\/\/api.w.org\/{rel}","templated":true}]}}